{"id":986,"date":"2018-11-08T18:59:05","date_gmt":"2018-11-08T17:59:05","guid":{"rendered":"http:\/\/www.selvazzanobasket.it\/?page_id=986"},"modified":"2022-11-14T13:20:45","modified_gmt":"2022-11-14T12:20:45","slug":"under-14","status":"publish","type":"page","link":"https:\/\/www.selvazzanobasket.it\/index.php\/under-14\/","title":{"rendered":"Under 14"},"content":{"rendered":"<div id=\"pl-986\"  class=\"panel-layout\" ><div id=\"pg-986-0\"  class=\"panel-grid panel-no-style\" ><div id=\"pgc-986-0-0\"  class=\"panel-grid-cell panel-grid-cell-empty\" ><\/div><div id=\"pgc-986-0-1\"  class=\"panel-grid-cell\" ><div id=\"panel-986-0-1-0\" class=\"so-panel widget widget_sow-editor panel-first-child panel-last-child\" data-index=\"0\" ><div\n\t\t\t\n\t\t\tclass=\"so-widget-sow-editor so-widget-sow-editor-base\"\n\t\t\t\n\t\t>\n<div class=\"siteorigin-widget-tinymce textwidget\">\n\t<hr \/>\n<p><strong>Allenamenti:<\/strong><\/p>\n<p>2010\/2009 \"usma\"<\/p>\n<p><strong>Luned\u00ec<\/strong>: 16:00 17:30 palestra Ceron<\/p>\n<p><strong>Marted\u00ec<\/strong> 17:45 19:15 palestra Kolbe<\/p>\n<p><strong>Venerd\u00ec<\/strong> 18:50 20:30 palestra Kolbe<\/p>\n<p>2010\/2009 \"selva\"<\/p>\n<p><strong>Luned\u00ec<\/strong>: 17:30 19:15 palestra Ceron<\/p>\n<p><strong>Marted\u00ec<\/strong> 16:00 18:00 palestra Ceron<\/p>\n<p><strong>Venerd\u00ec<\/strong> 17:45 19:30 palestra Ceron<\/p>\n<p>&nbsp;<\/p>\n<hr \/>\n<p>&nbsp;<\/p>\n<\/div>\n<\/div><\/div><\/div><\/div><div id=\"pg-986-1\"  class=\"panel-grid panel-no-style\" ><div id=\"pgc-986-1-0\"  class=\"panel-grid-cell\" ><div id=\"panel-986-1-0-0\" class=\"so-panel widget widget_sow-editor panel-first-child panel-last-child\" data-index=\"1\" ><div\n\t\t\t\n\t\t\tclass=\"so-widget-sow-editor so-widget-sow-editor-base\"\n\t\t\t\n\t\t><h3 class=\"widget-title\">Roster Atleti<\/h3>\n<div class=\"siteorigin-widget-tinymce textwidget\">\n\t<p>Atleti annate 2009\/2010<\/p>\n<\/div>\n<\/div><\/div><\/div><\/div><div id=\"pg-986-2\"  class=\"panel-grid panel-no-style\" ><div id=\"pgc-986-2-0\"  class=\"panel-grid-cell\" ><div id=\"panel-986-2-0-0\" class=\"so-panel widget widget_sow-editor panel-first-child panel-last-child\" data-index=\"2\" ><div\n\t\t\t\n\t\t\tclass=\"so-widget-sow-editor so-widget-sow-editor-base\"\n\t\t\t\n\t\t><h3 class=\"widget-title\">Staff<\/h3>\n<div class=\"siteorigin-widget-tinymce textwidget\">\n\t<ul class=\"teamlist\">\n<li><a href=\"#-marco-barisonstrongcoachstrong\" class=\"popup-with-zoom-anim\"> Marco Barison<strong>(Coach)<\/strong><\/a><div id=\"-marco-barisonstrongcoachstrong\" class=\"custom-popup zoom-anim-dialog mfp-hide\">\n<p>&nbsp;<\/p>\n<\/div><\/li>\n<\/ul>\n<\/div>\n<\/div><\/div><\/div><div id=\"pgc-986-2-1\"  class=\"panel-grid-cell panel-grid-cell-empty panel-grid-cell-mobile-last\" ><\/div><div id=\"pgc-986-2-2\"  class=\"panel-grid-cell panel-grid-cell-empty\" ><\/div><\/div><div id=\"pg-986-3\"  class=\"panel-grid panel-no-style\" ><div id=\"pgc-986-3-0\"  class=\"panel-grid-cell\" ><div id=\"panel-986-3-0-0\" class=\"so-panel widget widget_sow-editor panel-first-child panel-last-child\" data-index=\"3\" ><div\n\t\t\t\n\t\t\tclass=\"so-widget-sow-editor so-widget-sow-editor-base\"\n\t\t\t\n\t\t><h3 class=\"widget-title\">Calendario partite<\/h3>\n<div class=\"siteorigin-widget-tinymce textwidget\">\n\t<\/div>\n<\/div><\/div><\/div><\/div><div id=\"pg-986-4\"  class=\"panel-grid panel-no-style\" ><div id=\"pgc-986-4-0\"  class=\"panel-grid-cell\" ><div id=\"panel-986-4-0-0\" class=\"so-panel widget widget_sow-editor panel-first-child panel-last-child\" data-index=\"4\" ><div\n\t\t\t\n\t\t\tclass=\"so-widget-sow-editor so-widget-sow-editor-base\"\n\t\t\t\n\t\t>\n<div class=\"siteorigin-widget-tinymce textwidget\">\n\t<p><strong>Calendario partite<\/strong><\/p>\n<p>&nbsp;<\/p>\n<p>Per la classifica e le designazioni consulta il sito <a href=\"https:\/\/www.fip.it\/risultati.aspx?com=PPD&amp;sesso=&amp;IDRegione=VE&amp;IDProvincia=PD\" target=\"_blank\" rel=\"noopener noreferrer\">FIP<\/a><\/p>\n<\/div>\n<\/div><\/div><\/div><\/div><\/div>","protected":false},"excerpt":{"rendered":"<p>Allenamenti: 2010\/2009 &#8220;usma&#8221; Luned\u00ec: 16:00 17:30 palestra Ceron Marted\u00ec 17:45 19:15 palestra Kolbe Venerd\u00ec 18:50 20:30 palestra Kolbe 2010\/2009 &#8220;selva&#8221; Luned\u00ec: 17:30 19:15 palestra Ceron Marted\u00ec 16:00 18:00 palestra Ceron Venerd\u00ec 17:45 19:30 palestra Ceron &nbsp; &nbsp; Atleti annate 2009\/2010<\/p>\n","protected":false},"author":2,"featured_media":0,"parent":0,"menu_order":0,"comment_status":"closed","ping_status":"closed","template":"","meta":{"inline_featured_image":false,"footnotes":""},"aioseo_notices":[],"_links":{"self":[{"href":"https:\/\/www.selvazzanobasket.it\/index.php\/wp-json\/wp\/v2\/pages\/986"}],"collection":[{"href":"https:\/\/www.selvazzanobasket.it\/index.php\/wp-json\/wp\/v2\/pages"}],"about":[{"href":"https:\/\/www.selvazzanobasket.it\/index.php\/wp-json\/wp\/v2\/types\/page"}],"author":[{"embeddable":true,"href":"https:\/\/www.selvazzanobasket.it\/index.php\/wp-json\/wp\/v2\/users\/2"}],"replies":[{"embeddable":true,"href":"https:\/\/www.selvazzanobasket.it\/index.php\/wp-json\/wp\/v2\/comments?post=986"}],"version-history":[{"count":56,"href":"https:\/\/www.selvazzanobasket.it\/index.php\/wp-json\/wp\/v2\/pages\/986\/revisions"}],"predecessor-version":[{"id":4129,"href":"https:\/\/www.selvazzanobasket.it\/index.php\/wp-json\/wp\/v2\/pages\/986\/revisions\/4129"}],"wp:attachment":[{"href":"https:\/\/www.selvazzanobasket.it\/index.php\/wp-json\/wp\/v2\/media?parent=986"}],"curies":[{"name":"wp","href":"https:\/\/api.w.org\/{rel}","templated":true}]}}